 Let x be v(-22). Suppose 10*w - x*w - 2674 = 0. Is w a prime number?
False
Suppose -i - a - a = -114, -2*a = -2. Let b = i - 42. Is (-22)/4*b/(-5) a composite number?
True
Let z = -17 - -20. Let x(f) = -7*f**2 + f**z - 27*f + 2 + 61*f - 28*f. Is x(6) a prime number?
True
Suppose -5*b - 5 = 5*l - 60, 0 = 5*b + 20. Let p(n) = 42 + 35 + 24*n - 18. Is p(l) a composite number?
False
Suppose -15*t - 32 = 28. Is (24 - 2)*17/(-8)*t composite?
True
Suppose 13*t + 2*t = 45. Suppose -4*r - 5666 + 98 = -4*l, -15 = -t*r. Is l prime?
False
Suppose -26*f + 7*f = -23066. Suppose 1868 = 2*p - f. Is p a prime number?
False
Let m(n) be the third derivative of -n**5/20 + 119*n**4/24 - 85*n**3/6 + 308*n**2. Is m(37) composite?
False
Let v(i) = -7*i**2 + 36*i + 12. Let r(u) = 4*u**2 - 18*u - 6. Let t(l) = -5*r(l) - 3*v(l). Let n be t(19). Suppose -15*w = -n*w - 1310. Is w a composite number?
True
Let m(d) = -d**3 + 11*d**2 - 11*d + 14. Let y be m(10). Suppose y*w - 5*l = w + 35, 27 = 3*w - 3*l. Is 292 + (w - (-3 + 7)) a prime number?
True
Suppose -49*a + 1371511 = -2562920 + 590132. Is a composite?
True
Suppose -1475559 + 158774 - 2438708 = -63*w. Is w a composite number?
False
Let a be (2/(-4))/(2/(-12)). Let w(t) = -23*t**2 - 4. Let h be w(3). Is h/(a/(-9)*3) a composite number?
False
Let u(a) = 2*a**2 + 5*a + 26. Suppose 4*y - 3*i = 8*y + 140, -3*y = 2*i + 105. Let w be 2/(-3) + y/(-3). Is u(w) prime?
False
Suppose -76*g = 194*g + 1319155 - 5993125. Is g prime?
False
Suppose -15*s + 766001 + 913936 - 373872 = 0. Is s prime?
True
Let f = -865 + 3616. Suppose -6*n + 11*n = 25. Suppose -4*r + f = 2*k - r, -6858 = -n*k - r. Is k a composite number?
True
Let h(j) = -9*j**3 - 25*j**2 - 52*j - 215. Is h(-19) a composite number?
False
Let z be (4 - -4) + -5 + 4 + 0. Suppose -8514 = -2*d - z*d. Let m = 1653 - d. Is m composite?
True
Let g(u) = 28*u**2 - 20*u + 7. Let p(d) = 28*d**2 - 21*d + 7. Let b(w) = -2*g(w) + 3*p(w). Let z(t) be the first derivative of b(t). Is z(10) a prime number?
False
Let c = 51 + -31. Suppose -2*b = 3*b + c. Is ((-2)/b)/(3/4074) a composite number?
True
Is ((-17)/68*-1038)/(118/(-124) - -1) prime?
False
Let g = 2544 - 1193. Let i = g - 936. Is i a composite number?
True
Is 14078 - (112/280)/(4/10) a prime number?
False
Let o be -16 + 9 + 3/1. Let q(b) be the third derivative of -b**6/12 - b**5/30 - b**4/12 - b**3/2 + 2*b**2. Is q(o) a prime number?
True
Suppose -16*j = -8*j - 16. Suppose 2*z - 4106 = -j*y, -y - 4*y + 10265 = 2*z. Is y a composite number?
False
Suppose -3673 = -8*p + 2311. Suppose -n = -691 - p. Is n composite?
False
Let o = -3097 - -11564. Is o prime?
True
Suppose -58*o = -85*o - 110*o + 21954661. Is o prime?
True
Suppose 50*p = -65347 - 102403. Suppose 0 = 3*h - 3*z + 6288, 2*z - 4*z - 8384 = 4*h. Let j = h - p. Is j prime?
True
Suppose -3268 + 32778 = 5*f. Let h = f - -1389. Is h a composite number?
True
Let f be (-5 - -43)*((-6)/4 + 2). Suppose 5*h - 3*t - f = 0, -3*t + 1 - 5 = -2*h. Suppose 0 = -2*u - v + 2099, -h*u - 2*v + 0*v + 5247 = 0. Is u a prime number?
True
Let x = 88 - 88. Suppose x = -2*b - 4*b + 61536. Let y = b + -4059. Is y composite?
False
Let r be (1 - 1)*2*(-6)/(-12). Is ((-4)/6)/(4/(-189402) + r) a composite number?
False
Suppose 151*f - 99128433 = 59972946 - 46530728. Is f a composite number?
True
Let c = -11841 + 56630. Is c prime?
True
Suppose 1 = 5*n - 174. Suppose 4*r + 2*l = 76, -2*r = -5*r + 4*l + n. Suppose 6*c - 1069 = r. Is c composite?
False
Let x be (-7)/(-14)*690/1. Suppose v - 4*h - x = 0, -2*h - 181 = -v + 172. Suppose -5*q + 1534 = -v. Is q prime?
True
Suppose 11*a = 8*a - 4*h - 30, -2*a - 13 = 5*h. Is 63/a*(-45488)/24 composite?
True
Let y(x) = x**2 - 12*x - 11. Let q = 77 - 64. Let o be y(q). Suppose -m + 2009 = o*c, -2*c + 8016 = 4*m - 4*c. Is m a composite number?
True
Suppose -2078*y + 1863*y = -98665435. Is y prime?
False
Let x(b) = -108*b**2 + 5*b + 5. Let g be x(4). Let s = g - -3064. Is s composite?
False
Let c(u) = -u**3 - 30*u**2 + 63*u - 30. Let w be c(-32). Suppose -w*p - 1133 = -3*k, 0*k = -4*k + 3*p + 1510. Is k composite?
False
Let m be (-32)/24 + 19/3. Suppose -18*p = -m*p - 3289. Is p composite?
True
Suppose -5*j = -2*a + 332279, -2*a = -4*a + 6*j + 332276. Is a prime?
True
Let y(s) be the second derivative of -s**3/3 + 11*s**2/2 - 23*s. Let k be y(4). Suppose 3*m = 15, 0 = 4*q - 0*q - k*m - 4453. Is q prime?
True
Let v = -52 + 60. Is (-738)/3*(-4)/v composite?
True
Let i(r) = 0 + 1820*r - 2 - 13 - 10. Let u be i(3). Suppose -126*p + u = -121*p. Is p a prime number?
True
Suppose -5*w - 67331 = -l, -8*w = -l - 7*w + 67323. Is l a composite number?
True
Let v = 76 - 67. Let i be (v/(-6))/1*20/15. Is 7/(-14) - 539/i prime?
True
Let l(d) = 49608*d - 473. Is l(2) composite?
True
Suppose -27*z + 1605 = -12*z. Suppose 8*b = -5*p + 11*b + z, -3*p = -4*b - 73. Is p prime?
True
Let s be (-30)/4*60/25*-2157. Let o be (1/(-3))/((-6)/s). Suppose -10*v + 13*v - o = 0. Is v a composite number?
False
Let h = -8674 + 22797. Is h prime?
False
Let w(k) = -k**3 + 9*k**2 - 6*k + 77. Let o be w(9). Suppose -o*g + 20025 = -4562. Is g prime?
True
Let o(s) = -3*s**3 - 4*s**2 - 11*s + 1. Let u(y) = 10*y**3 - 4*y + 8*y**2 - 2*y**2 + 19 - 3 - 9*y**3. Let z be u(-7). Is o(z) prime?
True
Suppose 43*b - 3761453 - 809336 = -16*b. Is b a composite number?
False
Let a(j) = -13 + 85 + 113*j + 17. Is a(4) composite?
False
Suppose 0 = -5*k + n + 100189, 479*k - 3*n = 482*k - 60099. Is k a prime number?
False
Suppose -3*n + n - 1326 = i, -16 = -4*n. Let b = 2715 + i. Is b a prime number?
True
Let r(g) = 18*g**2 - 15*g + 14. Let h = 29 + -20. Is r(h) a prime number?
False
Suppose -5*m = -36 + 46. Let f(a) = -395*a**2 + a + 4. Let p(x) = 394*x**2 - x - 3. Let j(n) = 2*f(n) + 3*p(n). Is j(m) a prime number?
False
Suppose -3*t - 189 - 62 = p, 417 = -5*t - 3*p. Let j = t + 88. Let x(q) = 239*q + 3. Is x(j) a prime number?
False
Suppose -4*i + 7856 = 2*b, 0 = -3*b + 4*b. Let s = i + -3291. Let k = -110 - s. Is k a prime number?
True
Let k(h) = h**3 + 45*h**2 - 115*h + 125. Is k(48) a prime number?
True
Let q(t) = 606*t**2 - 60*t - 1201. Is q(-20) a composite number?
False
Is (15/45)/(1/2271) a composite number?
False
Let k(r) = 14682*r**3 + 15*r**2 - 23*r + 29. Is k(3) a composite number?
False
Suppose -3*r - 2256383 = -4*a, -4*a = 31*r - 30*r - 2256347. Is a prime?
True
Suppose 3*k - 81 = -6*k. Suppose 11*s - k - 24 = 0. Suppose 2297 = o + s*x - 2*x, 2*o + x = 4599. Is o a composite number?
True
Let j = 403 + 594. Is j a composite number?
False
Suppose -52*r + 48*r = -36. Suppose -5*q + r*q = i + 8091, -3*i = -q + 2020. Suppose u = 2*f + q, 509 = 2*u - f - 3546. Is u a composite number?
False
Let x = -6414 - -29315. Is x prime?
True
Let j(h) = 36*h**2 + 107*h - 1. Let s be j(-3). Suppose 5*n + 18362 = 3*y, -5*n + 12240 = s*y - 7*n. Is y a prime number?
False
Let w(t) be the second derivative of 13*t**4/4 + t**3/3 + 7*t**2/2 + 8*t. Let n be w(-3). Let k = n - -537. Is k prime?
False
Suppose -f + 27127 = 4*s, -3*s = 4*f - 2*s - 108463. Suppose 22803 + f = 22*x. Is x prime?
True
Let f = -113 + 76. Let u = 61 + f. Let r = 35 + u. Is r prime?
True
Suppose 2804674 + 1974683 = 33*r. Is r a composite number?
False
Let g(j) = 1074*j**2 + 12*j - 115. Is g(6) prime?
False
Suppose x = -o - 2*x + 26, 4*x + 78 = 3*o. Let z = 23 - o. Is -1 + z + 1 + 56 prime?
True
Let j(q) = 121*q**2 - 686*q + 5. Is j(-32) a prime number?
True
Let n = -19 - -28. Suppose -n*y + 3*y + 36 = 0. Suppose -1265 = -11*d + y*d. Is d a composite number?
True
Suppose 5*g - 4*g - 5 = 0. Let f(c) = 2*c - 9. Let u be f(g). Is 1/u*3820/20 composite?
False
Let n = 48 - 43. Suppose n*t + 5*o + 83 = -72, 3*t + o + 87 = 0. Is 2/(-7) + (-4)/(t/26833) a prime number?
True
Let g be -3 + (-3 - -8517)/3. Suppose -95*a + 100*a = 39030. Let k = a - g. Is k prime?
False
Let g = -353 + 384. Is -37 + g - (-1978 - 1) prime?
True
Let z(b) be the second derivative of 571*b**3/6 - 15*b**2/2 - 3*b + 9. Is z(14) a composite number?
True
Suppose -66*n + 56*n = -6850. Let w = n + 1008. Is w a composite number?
False
Suppose -4*a - 17 = 11. Let i(n) = -n**3 - 7*n**2 - 7*n + 7. Let j be i(a). Suppose 0 = j*q - 53*q - 111. Is q composite?
False
Suppose -6*b = -0*b - 4*b. Suppose b